{"id":14299,"date":"2024-03-12T20:18:20","date_gmt":"2024-03-12T23:18:20","guid":{"rendered":"https:\/\/sindhsudoeste.org.br\/?page_id=14299"},"modified":"2024-03-12T20:19:01","modified_gmt":"2024-03-12T23:19:01","slug":"historia","status":"publish","type":"page","link":"https:\/\/sindhsudoeste.org.br\/index.php\/historia\/","title":{"rendered":"Historia"},"content":{"rendered":"\t\t<div data-elementor-type=\"wp-page\" data-elementor-id=\"14299\" class=\"elementor elementor-14299\" data-elementor-post-type=\"page\">\n\t\t\t\t<div class=\"elementor-element elementor-element-2cec1a3 e-flex e-con-boxed e-con e-parent\" data-id=\"2cec1a3\" data-element_type=\"container\" data-settings=\"{&quot;content_width&quot;:&quot;boxed&quot;}\" data-core-v316-plus=\"true\">\n\t\t\t\t\t<div class=\"e-con-inner\">\n\t\t\t\t<div class=\"elementor-element elementor-element-c076e92 elementor-widget elementor-widget-text-editor\" data-id=\"c076e92\" data-element_type=\"widget\" data-widget_type=\"text-editor.default\">\n\t\t\t\t<div class=\"elementor-widget-container\">\n\t\t\t<style>\/*! elementor - v3.19.0 - 29-01-2024 *\/\n.elementor-widget-text-editor.elementor-drop-cap-view-stacked .elementor-drop-cap{background-color:#69727d;color:#fff}.elementor-widget-text-editor.elementor-drop-cap-view-framed .elementor-drop-cap{color:#69727d;border:3px solid;background-color:transparent}.elementor-widget-text-editor:not(.elementor-drop-cap-view-default) .elementor-drop-cap{margin-top:8px}.elementor-widget-text-editor:not(.elementor-drop-cap-view-default) .elementor-drop-cap-letter{width:1em;height:1em}.elementor-widget-text-editor .elementor-drop-cap{float:left;text-align:center;line-height:1;font-size:50px}.elementor-widget-text-editor .elementor-drop-cap-letter{display:inline-block}<\/style>\t\t\t\t<p>O SINDHSUDOESTE, Sindicato dos Hospitais e Estabelecimento de Servi\u00e7os de Sa\u00fade da Regi\u00e3o Sudoeste da Bahia fora constitu\u00eddo em 16 de setembro do ano de 1998. \u00a0Nasceu da necessidade dos empres\u00e1rios da sa\u00fade em se fazer representar, proteger e defender os interesses coletivos de toda categoria, na regi\u00e3o Sudoeste da Bahia.<\/p><p>Teve a honra de ter como seu primeiro presidente o Dr. Onildo Pereira de Oliveira Filho e como vice presidente D. L\u00facia Maria de Souza Dantas D\u00f3rea, duas pessoas ilustres que sempre lutaram pela sa\u00fade e desenvolvimento de Vit\u00f3ria da Conquista e regi\u00e3o.\u00a0<\/p>\t\t\t\t\t\t<\/div>\n\t\t\t\t<\/div>\n\t\t\t\t\t<\/div>\n\t\t\t\t<\/div>\n\t\t\t\t<\/div>\n\t\t","protected":false},"excerpt":{"rendered":"<p>O SINDHSUDOESTE, Sindicato dos Hospitais e Estabelecimento de Servi\u00e7os de Sa\u00fade da Regi\u00e3o Sudoeste da Bahia fora constitu\u00eddo em 16 de setembro do ano de 1998. \u00a0Nasceu da necessidade dos empres\u00e1rios da sa\u00fade em se fazer representar, proteger e defender os interesses coletivos de toda categoria, na regi\u00e3o Sudoeste da Bahia. Teve a honra de&#8230;<\/p>\n","protected":false},"author":1,"featured_media":0,"parent":0,"menu_order":0,"comment_status":"closed","ping_status":"closed","template":"","meta":{"footnotes":""},"class_list":["post-14299","page","type-page","status-publish","hentry"],"_links":{"self":[{"href":"https:\/\/sindhsudoeste.org.br\/index.php\/wp-json\/wp\/v2\/pages\/14299"}],"collection":[{"href":"https:\/\/sindhsudoeste.org.br\/index.php\/wp-json\/wp\/v2\/pages"}],"about":[{"href":"https:\/\/sindhsudoeste.org.br\/index.php\/wp-json\/wp\/v2\/types\/page"}],"author":[{"embeddable":true,"href":"https:\/\/sindhsudoeste.org.br\/index.php\/wp-json\/wp\/v2\/users\/1"}],"replies":[{"embeddable":true,"href":"https:\/\/sindhsudoeste.org.br\/index.php\/wp-json\/wp\/v2\/comments?post=14299"}],"version-history":[{"count":4,"href":"https:\/\/sindhsudoeste.org.br\/index.php\/wp-json\/wp\/v2\/pages\/14299\/revisions"}],"predecessor-version":[{"id":14303,"href":"https:\/\/sindhsudoeste.org.br\/index.php\/wp-json\/wp\/v2\/pages\/14299\/revisions\/14303"}],"wp:attachment":[{"href":"https:\/\/sindhsudoeste.org.br\/index.php\/wp-json\/wp\/v2\/media?parent=14299"}],"curies":[{"name":"wp","href":"https:\/\/api.w.org\/{rel}","templated":true}]}}